9a (base 12) to base 3
11101
What is 0 (base 8) in base 13?
0
-4 (base 16) to base 13
-4
-2 (base 7) to base 2
-10
What is 58 (base 12) in base 13?
53
What is -120 (base 8) in base 13?
-62
-2 (base 4) to base 16
-2
Convert 0 (base 8) to base 14.
0
Convert 7 (base 13) to base 9.
7
-a (base 16) to base 15
-a
Convert -556 (base 7) to base 9.
-347
What is -200 (base 8) in base 14?
-92
Convert -321 (base 5) to base 7.
-152
Convert 33 (base 9) to base 6.
50
What is -104 (base 16) in base 12?
-198
What is -11 (base 3) in base 12?
-4
2 (base 6) to base 10
2
3 (base 12) to base 15
3
a (base 12) to base 11
a
What is -443 (base 5) in base 4?
-1323
Convert -102 (base 3) to base 4.
-23
Convert -74 (base 10) to base 6.
-202
Convert 55 (base 13) to base 6.
154
Convert -1 (base 3) to base 12.
-1
What is -3 (base 10) in base 3?
-10
What is 18 (base 16) in base 3?
220
What is 21 (base 11) in base 5?
43
Convert -162 (base 7) to base 12.
-79
30 (base 15) to base 6
113
Convert 8 (base 10) to base 15.
8
Convert -10 (base 6) to base 4.
-12
544 (base 6) to base 9
251
What is -12 (base 16) in base 11?
-17
3 (base 12) to base 2
11
Convert -8 (base 14) to base 6.
-12
What is 110102 (base 3) in base 6?
1315
55 (base 14) to base 13
5a
-8b (base 13) to base 15
-7a
Convert 3 (base 16) to base 14.
3
-13 (base 5) to base 7
-11
What is 3 (base 15) in base 13?
3
123 (base 4) to base 16
1b
Convert -71 (base 8) to base 5.
-212
-110 (base 4) to base 6
-32
Convert 14 (base 11) to base 10.
15
What is -6 (base 7) in base 13?
-6
-17f (base 16) to base 15
-1a8
What is 102 (base 3) in base 9?
12
Convert 2 (base 5) to base 13.
2
Convert 1 (base 6) to base 14.
1
What is -5 (base 12) in base 8?
-5
-2 (base 16) to base 6
-2
What is -2 (base 10) in base 5?
-2
2e (base 16) to base 13
37
Convert 0 (base 5) to base 16.
0
f8 (base 16) to base 12
188
-4 (base 16) to base 6
-4
Convert -a (base 12) to base 14.
-a
5 (base 13) to base 8
5
7 (base 10) to base 5
12
What is b (base 13) in base 15?
b
Convert -243 (base 8) to base 16.
-a3
-23 (base 13) to base 14
-21
-1 (base 12) to base 4
-1
Convert -257 (base 13) to base 8.
-632
What is 372 (base 8) in base 7?
505
Convert -2 (base 14) to base 9.
-2
Convert 202 (base 7) to base 5.
400
What is 4 (base 6) in base 13?
4
What is 2 (base 11) in base 5?
2
Convert -2a (base 13) to base 8.
-44
What is -131 (base 5) in base 12?
-35
Convert -5c (base 15) to base 5.
-322
What is -94 (base 15) in base 4?
-2023
What is 4f (base 16) in base 10?
79
What is -122 (base 4) in base 5?
-101
1 (base 8) to base 16
1
52 (base 15) to base 14
57
What is -59 (base 13) in base 14?
-54
Convert a7 (base 11) to base 6.
313
What is -103 (base 5) in base 15?
-1d
101000 (base 2) to base 16
28
Convert -4 (base 10) to base 8.
-4
-1202 (base 3) to base 2
-101111
3 (base 15) to base 2
11
-241 (base 6) to base 15
-67
What is -1 (base 15) in base 5?
-1
What is -11 (base 8) in base 2?
-1001
Convert 0 (base 11) to base 2.
0
Convert -4 (base 12) to base 14.
-4
-3 (base 12) to base 9
-3
What is -51 (base 12) in base 9?
-67
What is -11 (base 4) in base 16?
-5
What is 27a (base 11) in base 10?
329
What is 5 (base 7) in base 4?
11
Convert 5 (base 16) to base 13.
5
3 (base 12) to base 2
11
-2 (base 9) to base 15
-2
Convert -6 (base 14) to base 10.
-6
Convert -141 (base 6) to base 7.
-115
Convert 210 (base 3) to base 8.
25
What is 110 (base 2) in base 12?
6
What is 303 (base 5) in base 15?
53
Convert -1102 (base 4) to base 5.
-312
What is 2 (base 15) in base 6?
2
Convert b (base 14) to base 7.
14
What is 1 (base 15) in base 10?
1
Convert a (base 14) to base 2.
1010
-2 (base 15) to base 13
-2
2 (base 5) to base 15
2
What is -20 (base 4) in base 11?
-8
-2 (base 14) to base 2
-10
-5 (base 10) to base 3
-12
What is -76 (base 8) in base 10?
-62
15 (base 14) to base 16
13
Convert 4b (base 12) to base 15.
3e
Convert 21 (base 8) to base 7.
23
Convert 5 (base 16) to base 8.
5
10 (base 13) to base 12
11
Convert -1 (base 4) to base 15.
-1
What is 180 (base 11) in base 9?
252
Convert -4 (base 5) to base 14.
-4
-5c (base 16) to base 9
-112
Convert -1 (base 11) to base 8.
-1
131 (base 4) to base 11
27
What is 10111 (base 2) in base 15?
18
Convert 11111 (base 2) to base 9.
34
Convert -4 (base 12) to base 7.
-4
Convert -10 (base 2) to base 4.
-2
-1 (base 11) to base 15
-1
1 (base 4) to base 14
1
Convert -1 (base 2) to base 15.
-1
What is 9 (base 16) in base 9?
10
What is -10 (base 9) in base 13?
-9
Convert 10 (base 13) to base 11.
12
Convert -3 (base 16) to base 3.
-10
-1134 (base 5) to base 8
-251
What is -56 (base 7) in base 12?
-35
What is -4a (base 13) in base 9?
-68
What is -34 (base 10) in base 6?
-54
Convert 14 (base 9) to base 7.
16
-12011 (base 3) to base 4
-2023
-71 (base 13) to base 2
-1011100
Convert -53 (base 9) to base 7.
-66
What is -4 (base 6) in base 7?
-4
-111010 (base 2) to base 9
-64
1000 (base 3) to base 10
27
What is 2 (base 12) in base 8?
2
0 (base 8) to base 5
0
What is 19 (base 11) in base 8?
24
-6 (base 16) to base 12
-6
6 (base 8) to base 5
11
39 (base 11) to base 14
30
What is -111 (base 3) in base 6?
-21
5 (base 6) to base 7
5
-2 (base 9) to base 6
-2
10112 (base 4) to base 7
545
-a7 (base 11) to base 4
-1311
Convert 70 (base 10) to base 9.
77
Convert 12201 (base 3) to base 6.
414
What is 10112 (base 3) in base 16?
5f
Convert -204 (base 5) to base 13.
-42
Convert 9 (base 15) to base 4.
21
What is 10 (base 11) in base 6?
15
Convert -257 (base 12) to base 11.
-2a3
What is -155 (base 6) in base 7?
-131
41 (base 9) to base 10
37
3 (base 13) to base 6
3
-2 (base 14) to base 4
-2
Convert 34 (base 7) to base 4.
121
Convert -59 (base 15) to base 8.
-124
What is 220 (base 3) in base 16?
18
What is ed (base 16) in base 13?
153
Convert -13 (base 5) to base 3.
-22
Convert 1 (base 16) to base 11.
1
Convert 6 (base 14) to base 16.
6
-2 (base 8) to base 5
-2
Convert 2 (base 12) to base 13.
2
-184 (base 10) to base 14
-d2
What is 185 (base 9) in base 7?
314
-13 (base 5) to base 14
-8
1 (base 11) to base 9
1
What is -5 (base 16) in base 8?
-5
Convert 120 (base 6) to base 7.
66
What is -45 (base 9) in base 10?
-41
0 (base 12) to base 14
0
Convert -30 (base 7) to base 15.
-16
Convert -3 (base 6) to base 10.
-3
Convert -10101 (base 2) to base 15.
-16
What is 3 (base 14) in base 7?
3
What is 10 (base 5) in base 11?
5
Convert -163 (base 13) to base 6.
-1054
-7 (base 8) to base 4
-13
Convert 3 (base 6) to base 7.
3
What is -62 (base 15) in base 5?
-332
What is b (base 15) in base 8?
13
What is 4 (base 5) in base 13?
4
What is 1 (base 4) in base 13?
1
-ab (base 13) to base 6
-353
Convert 0 (base 2) to base 7.
0
Convert -143 (base 6) to base 10.
-63
50 (base 9) to base 10
45
Convert -110 (base 2) to base 7.
-6
Convert 6 (base 14) to base 7.
6
Convert -5 (base 7) to base 13.
-5
What is 40 (base 10) in base 5?
130
What is 3 (base 4) in base 9?
3
Convert -1 (base 12) to base 2.
-1
What is 21 (base 4) in base 16?
9
Convert 15 (base 6) to base 12.
b
What is -6 (base 8) in base 14?
-6
What is -2 (base 9) in base 10?
-2
111 (base 4) to base 5
41
What is 12 (base 5) in base 3?
21
What is -1a7 (base 15) in base 6?
-1434
12 (base 3) to base 9
5
Convert -2 (base 11) to base 8.
-2
What is 13 (base 11) in base 12?
12
-6 (base 9) to base 11
-6
-1 (base 5) to base 3
-1
Convert 1 (base 15) to base 3.
1
What is -3 (base 8) in base 9?
-3
Convert -10333 (base 4) to base 8.
-477
-11 (base 12) to base 3
-111
What is -28 (base 11) in base 12?
-26
Convert 3 (base 10) to base 16.
3
What is 2220 (base 4) in base 12?
120
5 (base 11) to base 6
5
What is -10 (base 4) in base 14?
-4
What is -10001 (base 2) in base 9?
-18
1110 (base 3) to base 10
39
Convert -2 (base 14) to base 3.
-2
Convert -213 (base 11) to base 10.
-256
What is -1211 (base 3) in base 16?
-31
-21 (base 6) to base 3
-111
What is 7a (base 11) in base 6?
223
Convert 5 (base 6) to base 3.
12
What is -11010 (base 2) in base 16?
-1a
What is 1 (base 3) in base 6?
1
Convert 29 (base 16) to base 12.
35
20110 (base 3) to base 10
174
-2 (base 4) to base 3
-2
-115 (base 16) to base 9
-337
What is 56 (base 14) in base 6?
204
Convert -77 (base 9) to base 11.
-64
Convert 39 (base 16) to base 13.
45
Convert 48 (base 9) to base 14.
32
-212 (base 4) to base 11
-35
Convert 4 (base 13) to